False
Is 139067 composite?
False
Is 2561011 a composite number?
True
Is 4253201 a composite number?
False
Is 40664215 a prime number?
False
Is 12908953 composite?
False
Is 80421171 a prime number?
False
Is 80559403 a composite number?
False
Is 749696347 composite?
False
Is 517541 a composite number?
True
Is 6019127 a composite number?
True
Is 345899053 a prime number?
True
Is 12475681 composite?
False
Is 219178009 a prime number?
False
Is 2930819 a prime number?
True
Is 6078641 a composite number?
False
Is 323488219 composite?
False
Is 403159 a composite number?
False
Is 265112781 a prime number?
False
Is 14408431 a composite number?
True
Is 35709959 a prime number?
True
Is 35296913 composite?
True
Is 14332069 prime?
True
Is 40267231 composite?
False
Is 4045339 a composite number?
True
Is 1704193 a composite number?
True
Is 48205669 prime?
True
Is 5656691 a prime number?
True
Is 1252579 composite?
False
Is 78086717 a composite number?
False
Is 1550221 a prime number?
True
Is 643138 composite?
True
Is 100175497 a prime number?
True
Is 4716067 a composite number?
True
Is 465655111 composite?
True
Is 132085081 composite?
False
Is 269851519 a composite number?
True
Is 955186805 a composite number?
True
Is 3618213 a prime number?
False
Is 6548849 a prime number?
True
Is 637645141 prime?
False
Is 1186373 a prime number?
True
Is 20253755 a prime number?
False
Is 2805923 prime?
True
Is 106403719 prime?
True
Is 414521 a prime number?
True
Is 63766007 a composite number?
False
Is 85841971 a composite number?
False
Is 436153621 a composite number?
True
Is 15247105 a composite number?
True
Is 113469461 prime?
False
Is 1669627 prime?
True
Is 19992011 a composite number?
True
Is 365159317 prime?
True
Is 377835218 a prime number?
False
Is 24817607 a prime number?
True
Is 33171513 a composite number?
True
Is 4779721 a composite number?
True
Is 15824243 prime?
False
Is 57963331 composite?
False
Is 595254197 a composite number?
True
Is 352589 a composite number?
False
Is 27282685 prime?
False
Is 21786529 prime?
True
Is 5276731 a composite number?
False
Is 62675189 composite?
False
Is 936781 a composite number?
True
Is 4043713 a prime number?
False
Is 295553359 prime?
True
Is 7736461 a composite number?
False
Is 1181844413 a composite number?
True
Is 148564583 a composite number?
True
Is 164475091 a prime number?
False
Is 17147159 prime?
False
Is 6271261 prime?
False
Is 546793 composite?
True
Is 2091913 a prime number?
True
Is 8721989 a composite number?
False
Is 729769 composite?
True
Is 683201 a composite number?
False
Is 188282162 prime?
False
Is 25038509 a prime number?
False
Is 1683593 a composite number?
True
Is 4644961 a composite number?
True
Is 166349 a composite number?
False
Is 106534 a prime number?
False
Is 4032191 a prime number?
True
Is 72433741 a prime number?
False
Is 2788251 a prime number?
False
Is 12650273 composite?
False
Is 17391587 a composite number?
False
Is 94208477 a prime number?
False
Is 99318971 composite?
True
Is 486570229 prime?
True
Is 285798433 a prime number?
True
Is 113059523 composite?
False
Is 16593301 prime?
True
Is 417358741 composite?
True
Is 146213 composite?
False
Is 7615559 composite?
True
Is 3753707 prime?
True
Is 20704469 a composite number?
False
Is 5227681 a prime number?
True
Is 167521 composite?
False
Is 2531869 a composite number?
False
Is 17959759 a prime number?
True
Is 51113657 a prime number?
False
Is 6181613 prime?
True
Is 5193443 prime?
True
Is 4040873 composite?
False
Is 6313543 prime?
False
Is 958259 composite?
False
Is 19601893 a prime number?
False
Is 3302431 a composite number?
True
Is 40616867 prime?
False
Is 45802649 a prime number?
True
Is 9544729 a prime number?
True
Is 137406287 a composite number?
False
Is 146758217 a prime number?
True
Is 6560299 a composite number?
False
Is 4827097 composite?
True
Is 729967 a composite number?
True
Is 1246920133 prime?
True
Is 340037863 prime?
False
Is 30047149 prime?
False
Is 189668891 composite?
True
Is 306057913 a prime number?
False
Is 5179211 composite?
True
Is 836423 a prime number?
False
Is 11882447 composite?
True
Is 1974305 prime?
False
Is 15780523 a composite number?
True
Is 2589193 composite?
False
Is 495671 a prime number?
False
Is 26248081 a prime number?
False
Is 18574207 composite?
True
Is 328622797 composite?
False
Is 618181 a composite number?
True
Is 2928851 composite?
False
Is 25516045 composite?
True
Is 2432533 a composite number?
False
Is 1563829 composite?
False
Is 18510035 a composite number?
True
Is 138116987 composite?
True
Is 31060327 a prime number?
False
Is 6221693 a prime number?
True
Is 578693253 composite?
True
Is 17924311 composite?
True
Is 901131293 a prime number?
True
Is 29270587 a prime number?
False
Is 154684253 a composite number?
True
Is 4062077 a prime number?
True
Is 13774169 prime?
False
Is 11552599 prime?
False
Is 338083546 prime?
False
Is 4487165 prime?
False
Is 1079135 composite?
True
Is 309491471 composite?
False
Is 26102873 a composite number?
False
Is 5028997 composite?
False
Is 2900953 composite?
True
Is 4273855 composite?
True
Is 19723633 prime?
False
Is 549683 a prime number?
True
Is 2696779 a prime number?
True
Is 1545539 prime?
True
Is 316591181 composite?
False
Is 57966691 a composite number?
True
Is 7298273 composite?
True
Is 92851351 a prime number?
False
Is 25590551 a composite number?
True
Is 819379 composite?
True
Is 404081 prime?
True
Is 4180399 prime?
False
Is 15672233 prime?
True
Is 128117641 a composite number?
False
Is 39976711 prime?
True
Is 1076981 a composite number?
False
Is 25480006 composite?
True
Is 210641131 prime?
False
Is 98907037 a composite number?
True
Is 16115519 a prime number?
False
Is 55399147 prime?
False
Is 90866999 a prime number?
True
Is 67894337 a composite number?
True
Is 13432723 prime?
True
Is 57192757 a composite number?
False
Is 14114026 a composite number?
True
Is 381977 a prime number?
True
Is 1865683 composite?
True
Is 54829303 a prime number?
True
Is 148455533 prime?
False
Is 9194649 composite?
True
Is 71032109 a prime number?
True
Is 151324837 prime?
False
Is 10773055 composite?
True
Is 45026673 a prime number?
False
Is 2516519 a prime number?
False
Is 463483 composite?
False
Is 1399871 a composite number?
True
Is 5486137 a composite number?
False
Is 36003013 composite?
False
Is 80713441 prime?
True
Is 450677 a composite number?
False
Is 328563397 prime?
True
Is 383670959 a composite number?
True
Is 265083253 prime?
False
Is 171721037 prime?
False
Is 114023003 a composite number?
True
Is 34186297 a prime number?
True
Is 87158117 composite?
False
Is 184557341 a prime number?
False
Is 49669231 prime?
True
Is 2409557 composite?
True
Is 30287759 composite?
False
Is 10381661 a composite number?
False
Is 11349859 prime?
False
Is 147176651 composite?
False
Is 84143335 a composite number?
True
Is 14603683 a composite number?
True
Is 124466681 prime?
False
Is 21034129 prime?
True
Is 48445063 composite?
True
Is 6277529 prime?
False
Is 2315182 prime?
False
Is 298112026 a prime number?
False
Is 5569295 prime?
False
Is 7791065 prime?
False
Is 25827587 a composite number?
False
Is 109979965 prime?
False
Is 22047673 a prime number?
True
Is 33060935 a prime number?
False
Is 6143677 composite?
True
Is 14363231 composite?
True
Is 1172177 a prime number?
False
Is 2611343 a prime number?
False
Is 886421 composite?
False
Is 86081 prime?
False
Is 820679 composite?
False
Is 5602687 prime?
False
Is 5338609 composite?
False
Is 1435541 composite?
True
Is 971287 a composite number?
True
Is 13154371 a composite number?
True
Is 700011007 prime?
True
Is 10278871 a composite number?
True
Is 2090479 a prime number?
False
Is 61783 a composite number?
True
Is 12114481 composite?
False
Is 274451821 prime?
False
Is 15200017 a prime number?
False
Is 10506191 a prime number?
True
Is 15010033 a composite number?
False
Is 25449113 a composite number?
True
Is 154045909 a prime number?
False
Is 476251 composite?
True
Is 172575391 composite?
False
Is 29489599 a composite number?
False
Is 444977303 composite?
False
Is 5069109 a prime number?
False
Is 27273517 composite?
True
Is 17904839 a prime number?
True
Is 2772689 a prime number?
False
Is 258979 a prime number?
False
Is 466325059 a prime number?
True